
3
What are the prime factors of (-1 + 1 + -2)*-11?
2, 11
Let k = -31 + 85. What are the prime factors of k?
2, 3
Let g be 0/5 - (1 + -5). Suppose g*q + 4 = 3*c + 32, 5*c = q - 24. Let u = q + -2. What are the prime factors of u?
2
List the prime factors of -1*(354/(-15) - -1)*5.
113
Let b = 10 - 7. Let n be (-2)/b - (-100)/6. Suppose -8 = -4*i, 0 = w + 3*i - 5 - n. List the prime factors of w.
3, 5
Suppose 4*m - 4*p - 5 = p, 0 = -p - 1. Suppose m = 4*t + 6 - 118. What are the prime factors of t?
2, 7
Let m = 84 + -26. What are the prime factors of m?
2, 29
Let y = -5 - -9. Suppose m - 85 = -y*m. What are the prime factors of m?
17
Let n(l) be the second derivative of l**5/20 + 3*l**4/4 + 7*l**3/6 - 3*l**2 - 10*l. List the prime factors of n(-8).
2
Let p(s) = s**3 + 6*s**2 + s + 8. Let o(v) = -2*v - 2. Let n be o(2). Let m be p(n). List the prime factors of m + 1/(2 - 1).
3
Suppose -224 = -4*k - 3*b, 3*b + 161 = 5*k - 119. List the prime factors of k.
2, 7
Let q(r) = r - 12. Let p be q(10). What are the prime factors of -2 + 69/(1 - p)?
3, 7
Let u = 24 - 19. What are the prime factors of u?
5
Let s = -52 - -78. Suppose 19 = -a + s. List the prime factors of a.
7
Suppose 0 = -l + 2*m - 118, -2*m - 394 = -l + 4*l. List the prime factors of l/(-6) - 12/36.
3, 7
Let d(n) = 13*n + 7. What are the prime factors of d(5)?
2, 3
Suppose 0*l - l = -5*z - 18, 0 = 3*l - 4*z - 21. Suppose 3*r + 4*i - 13 - 3 = 0, -i + 22 = l*r. What are the prime factors of r?
2
Suppose -y + 20 = -6*y. Let p = 5 - 6. Let d = p - y. List the prime factors of d.
3
Let k(i) = i**3 + 3*i**2 + 4*i - 4. What are the prime factors of k(3)?
2, 31
What are the prime factors of 2/(-1)*(-27)/6?
3
Let d(f) = -f - 8. Let t be d(-8). Suppose t = -3*p + 40 + 2. List the prime factors of p.
2, 7
Let c(p) = p**3 - 2*p**2 - p + 1. Let b(v) = 2*v - 7. Let i be b(5). Suppose -2*w + 12 = 3*l, i*l - 20 = -4*w - l. List the prime factors of c(w).
7
Suppose -156 = 5*f + c, -4*c + 120 = -0*f - 4*f. Let s = f + 48. List the prime factors of s.
17
Let a = -3 + 3. Suppose -61 = -4*y + 5*v, -5*y - 4*v + 127 - 20 = a. List the prime factors of y.
19
Let v = 0 + 3. Suppose 4*p + 4*g - 53 = 127, -2*p - v*g = -90. Suppose -6*w + w = -p. What are the prime factors of w?
3
Let s be (-9)/(-2) - 1/2. Suppose 4*h + h = -5*k, s*h - 15 = -k. Suppose -5*c + h = -5. What are the prime factors of c?
2
Let k = 195 + 84. List the prime factors of k.
3, 31
Let q(b) = -b**3 + b**2. Let s be q(0). What are the prime factors of (s - -3)/3*11?
11
Suppose -10 = -3*y - 1. Suppose 4*w = -5*v + 85, -3*v - v = y*w - 68. Let j = v + -5. What are the prime factors of j?
2, 3
Let f(u) = -7*u - 5. List the prime factors of f(-6).
37
Suppose o + 131 = x - 4*o, -4*o = -4*x + 492. Let f = -86 + x. Suppose 5*a - 5 = d + 3*a, 5*d + 5*a - f = 0. List the prime factors of d.
3
Let x(l) = l**3 + 2*l**2 + 1. Let r be (-2 - -3 - -3) + -1. What are the prime factors of x(r)?
2, 23
Let m(f) = -f + 1. Let v(d) = 3*d - 16. Let h(k) = -4*m(k) - v(k). Let s be h(-10). List the prime factors of ((-2)/s)/(4/(-36)).
3
Let v(d) be the second derivative of d**3/3 - 2*d**2 - 2*d. What are the prime factors of v(4)?
2
Suppose 3*w + 3*t = 72, -2*w + 0*t + 48 = -2*t. Let r = w - 8. List the prime factors of r.
2
Let j(l) = -10*l - 6. Let r(t) = -50*t - 30. Let d(s) = 16*j(s) - 3*r(s). List the prime factors of d(-4).
2, 17
Let b = -1 - -3. Let h be (-2)/4*-2 - -1. Suppose 4*l - 34 = h*c - 7*c, -16 = -b*l - 3*c. What are the prime factors of l?
11
Let y(m) be the third derivative of m**6/120 + m**5/20 - 5*m**4/24 + m**3/6 + 2*m**2. Let x be y(-4). What are the prime factors of 5/x*(8 + 1)?
3
Let i be 1 - (-2 + 1) - -1. Let m(j) = 4*j + 4. List the prime factors of m(i).
2
Let k be 3 - (0 + 1)*-1. Suppose k*d + 5*c = -d - 225, 2*d - 2*c = -86. List the prime factors of d/8*(1 + -3).
11
Suppose -9 = -u + 3*n, n - 18 = 4*u + 1. Let m(b) = b**3 + 5*b**2 - 7*b + 4. What are the prime factors of m(u)?
2, 5
Suppose -5*i - 5*s = -90, 5*i - 4*s = -0*s + 63. Let f = i + -3. What are the prime factors of f?
2, 3
Suppose -2*q = -5*i + 21, -4*q + 5 = -i + 2. Let c = -2 + i. Suppose 2*u - 5 = c. List the prime factors of u.
2
Suppose -r = 2*r - 6. Suppose -26 - 20 = -r*a. What are the prime factors of a?
23
Suppose 3*k = -3*i + 12, i - 8*k + 3*k = -8. Suppose -11 + i = -t. List the prime factors of t.
3
What are the prime factors of 1 - (-52)/(-3 - -5)?
3
Let z(b) = -b**3 - 5*b**2 + 2*b + 8. Let c be z(-6). Suppose -4*m - c = -3*j - 0*m, m = -j + 6. List the prime factors of j.
2
Let q(j) = -8*j + 3*j + 10 - 9 - 5*j. List the prime factors of q(-2).
3, 7
Let w(s) = -s**2 - 6*s + 9. Suppose 3*x = -x + 8. Suppose x*n - 3*j + 20 = -j, 3*n - 4*j = -33. What are the prime factors of w(n)?
2
Let t = 8 + -4. Suppose 4 = o - t. List the prime factors of o.
2
Let f = 86 - -26. What are the prime factors of f?
2, 7
Let i(m) = -m**2 - 4*m. Let r be i(-3). Let t(f) = 24*f + 2. Let j be t(r). Suppose 4*p + 3*v = 8*p - j, -72 = -4*p + 4*v. List the prime factors of p.
2, 5
Suppose 7*o - 11*o = -20. List the prime factors of o.
5
Suppose -4*z = 3*h - 49, -4*h + 7*h = 4*z + 41. Suppose 6*r - 3*r = h. What are the prime factors of r?
5
Let f = -2 + 5. Let z(k) = k**3 - k**2 - 3*k - 2. List the prime factors of z(f).
7
Suppose -5*j + 2*n - 35 = 0, 3*j - 3*n = 6*j. Let t be (9/3 - 1) + 1. List the prime factors of t*j*(-1)/3.
5
Let c = 6 - 4. Suppose c = z - 2. Suppose z*h = x + 49, 2*x = -h - 3*x - 14. What are the prime factors of h?
11
Suppose -y - 50 = -6*y. What are the prime factors of 2/(-1 - (-14)/y)?
5
Let n be (-2)/4*(-2 + -2). Let t be 1 + 0 + -2 + n. What are the prime factors of 18/3 + 0 + t?
7
Let v(k) = -2*k**2 - 7*k - 10. Let d(s) = 3*s**2 + 10*s + 15. Let w(b) = 5*d(b) + 8*v(b). List the prime factors of w(-4).
3
Let k = -27 + 16. Let o = k + 15. Suppose -o*l + 3*c = 4*c - 31, -5*c = 5*l - 35. List the prime factors of l.
2
Let b = -1 + 3. Let s(i) = 0*i**b - 2*i + 2*i**2 + 3 + 1 - i**2. List the prime factors of s(3).
7
List the prime factors of 157*((-7)/(-28))/(1/4).
157
Suppose 5*u - 3*w = -5 + 1, -w + 6 = -4*u. List the prime factors of (u/3)/(1/(-21)).
2, 7
Let s = 49 + -29. Let z(i) = -i**3 + 2*i**2 + 2*i + 1. Let t be z(-1). Suppose 3*d - s = -t*d. List the prime factors of d.
2
Suppose 16 = 3*a + 1. Let x(w) = 2*w**2 - 6*w - 2. What are the prime factors of x(a)?
2, 3
Let x = 64 + -40. Suppose -w = 3*w - x. List the prime factors of w.
2, 3
Let c be (-3)/(-6) - 5/(-2). Suppose 5*i = -q + 170, -c*q + 4*q + 110 = 3*i. List the prime factors of i.
5, 7
Suppose -n - 2*n + 6 = 0. Suppose 0 = 5*x - n*x - 384. List the prime factors of x/22 - 4/(-22).
2, 3
Suppose -27*z = -23*z - 228. What are the prime factors of z?
3, 19
Let z(t) = -t**2 + 4*t + 2. Let a be z(4). Let k = 4 + 3. List the prime factors of a/(-7) - (-100)/k.
2, 7
Suppose -19*z + 2816 = -8*z. List the prime factors of z.
2
Let d be ((-3)/(-1) + -2)*-2. List the prime factors of ((-10)/6)/(d/6).
5
Suppose -m - 3*m = -352. Suppose -4*t = -5*q + m, q + 2*t - t = 14. What are the prime factors of q?
2
List the prime factors of ((-147)/(-4))/(6/32) - -3.
199
Let j(c) = -16*c - 1. List the prime factors of j(-2).
31
Let k(f) = 3*f**2 + 7*f + 5. What are the prime factors of k(-4)?
5
Suppose -97*d + 100*d - 639 = 0. List the prime factors of d.
3, 71
Let d(i) = -3*i**2 + 21. Let z(s) = -13*s**2 + 83. Let n(q) = 9*d(q) - 2*z(q). Let v be n(0). Let y = v + -16. List the prime factors of y.
7
List the prime factors of 76 + -3 + -1 + 1.
73
Suppose 0 = -3*y + 6*y - 3*v - 348, -224 = -2*y + 4*v. List the prime factors of y.
2, 3, 5
Let s = -46 + 22. Let n = -16 - s. What are the prime factors of n?
2
Let v be ((-4)/((-8)/6))/1. Let i be 1*v*(15 + 0). Suppose 0 = 5*z - 5*l - i, -l + 0*l - 15 = -2*z. List the prime factors of z.
2, 3
Let h(g) = -17*g - 48. List the prime factors of h(-9).
3, 5, 7
Suppose -3*l - 3*b = 12, 0 = -3*l - 4*b + 2*b - 9. List the prime factors of (-2 - 2*l) + 11.
11
Let o(l) = -l**3 - 4*l**2 + l + 1. Suppose -2*w - 5 = -w. List the prime factors of o(w).
3, 7
Let j(i) = -i**3 + 9*i**2 - 5*i - 4. Let g be j(8). Suppose -a + 4 = 5*z, 5*z + g = 3*a + 2*a. Let w = a + 7. What are the prime facto